t is -5 - -3928664?
3928659
In base 11, what is 550 + -520746?
-5201a6
In base 12, what is -38 + -142952?
-14298a
In base 9, what is 5 - -1173814?
1173820
In base 16, what is -3 + 90f9bc4?
90f9bc1
In base 5, what is -3221442412 - 3?
-3221442420
In base 8, what is 3 - -1066534743?
1066534746
In base 11, what is -42a943 + -188?
-430020
In base 7, what is 16624240 - -15?
16624255
In base 8, what is 52 + -31757?
-31705
In base 6, what is -135215 + -232?
-135451
In base 6, what is 4 - -242515300?
242515304
In base 9, what is -314860801 + 4?
-314860786
In base 6, what is 1352 + 15223?
21015
In base 14, what is -2ad5328 + -1?
-2ad5329
In base 14, what is -5 - 332c392?
-332c397
In base 3, what is -1 - 10022100010021?
-10022100010022
In base 4, what is -113332223223003 - 11?
-113332223223020
In base 13, what is 16b30275 - 3?
16b30272
In base 15, what is 4 + c585a?
c585e
In base 12, what is -22aa797 + 9?
-22aa78a
In base 16, what is a9439 + -11?
a9428
In base 15, what is -cd1 + bb39c?
ba5bb
In base 8, what is -2221 + 101226?
77005
In base 15, what is 2 - 207e17a?
-207e178
In base 8, what is 15660 + 232?
16112
In base 9, what is 44 - 51432818?
-51432764
In base 14, what is 3 - 379a845?
-379a842
In base 13, what is -8046 - -9bb0?
1b67
In base 9, what is -18053 + -16782?
-35845
In base 4, what is 32120130223131 - 1?
32120130223130
In base 11, what is 9 + 73154a8?
7315506
In base 8, what is -5 + 6232063?
6232056
In base 8, what is 2634717 + -25?
2634672
In base 16, what is -1a - -80813?
807f9
In base 8, what is 2 - 651760?
-651756
In base 9, what is -114706436 - 5?
-114706442
In base 10, what is -518 - 3018?
-3536
In base 11, what is -11 - -597027?
597016
In base 2, what is 1110011001001 + -10010001110000111?
-10000011010111110
In base 10, what is -50937311 + -1?
-50937312
In base 14, what is -6b4 - -acd7?
a623
In base 4, what is -3 - 1031000123203?
-1031000123212
In base 13, what is 4a8a15b - -3?
4a8a161
In base 9, what is 5573412 - -23?
5573435
In base 7, what is -5463 - -413620?
405124
In base 11, what is 19 + 3a3310?
3a3329
In base 13, what is -999 + -ab08?
-b7a4
In base 7, what is -1100315 + -14?
-1100332
In base 6, what is 3055054 + 2124?
3101222
In base 15, what is -31e + -10867?
-10b86
In base 16, what is 5dc40 + -80?
5dbc0
In base 9, what is 32 + -1580175?
-1580143
In base 10, what is 1207707 - -66?
1207773
In base 14, what is 648c9 + a1b?
65506
In base 10, what is 23 - -247484?
247507
In base 10, what is 1204506734 + 0?
1204506734
In base 2, what is 1010011000001000100000 + 1?
1010011000001000100001
In base 6, what is -1 + 502210045?
502210044
In base 2, what is 11 + -11000111001001000101?
-11000111001001000010
In base 5, what is -314344143 - -14?
-314344124
In base 15, what is -3 + -bb6108?
-bb610b
In base 6, what is 413 + 15533023?
15533440
In base 13, what is 20 - 9a89c9?
-9a89a9
In base 3, what is 20101201001011 + -10?
20101201001001
In base 7, what is -31352353 - -412?
-31351641
In base 9, what is 257 + -155362?
-155104
In base 14, what is -3261 + 374?
-2ccb
In base 5, what is -1133043 + 230?
-1132313
In base 2, what is 100100000100000 - -100011000101111?
1000111001001111
In base 10, what is -2365002 + 6?
-2364996
In base 2, what is -1010000110 + 11001111000?
1111110010
In base 4, what is 2211 + 101232113?
101300330
In base 8, what is -110203 - 5525?
-115730
In base 14, what is 8ac8 - -9d?
8b87
In base 2, what is 10010000001100101001100110 - -10010?
10010000001100101001111000
In base 7, what is -14 + -346500653?
-346501000
In base 13, what is -3a19229 - 5?
-3a19231
In base 11, what is -122 - -75316?
751a4
In base 3, what is 1102221222 - -121220?
1110120212
In base 15, what is bdbdb - -5e?
bdc4a
In base 14, what is 2226 + 42833?
44a59
In base 4, what is 20030 - -113033?
133123
In base 10, what is -77331 + 162?
-77169
In base 5, what is -104240101124 - 4?
-104240101133
In base 8, what is 316476512 - -3?
316476515
In base 14, what is -48048a - 0?
-48048a
In base 7, what is 1006025014 - 0?
1006025014
In base 11, what is -11631602 + 0?
-11631602
In base 5, what is 2104030 - 34343?
2014132
In base 6, what is 24220231 + 3514?
24224145
In base 5, what is 1003024002 - 2?
1003024000
In base 11, what is 1a178 + 372a?
228a7
In base 7, what is -1165124031 - 3?
-1165124034
In base 12, what is -27765 - 15a?
-27903
In base 11, what is 244772a7 - 0?
244772a7
In base 12, what is -727 - 14564?
-1508b
In base 11, what is 577452 + -536?
576a17
In base 3, what is 2211 - -2022021220100?
2022022000011
In base 11, what is 524 + -54038?
-53614
In base 13, what is 410a45 - -a?
410a52
In base 7, what is 4 + 502246323?
502246330
In base 10, what is -7899439 + -3?
-7899442
In base 15, what is -e07a1e - -5?
-e07a19
In base 2, what is 1111011101101010101010110 - 1011?
1111011101101010101001011
In base 7, what is -1332 + -5624110?
-5625442
In base 8, what is 61 - 117413?
-117332
In base 10, what is 66009 + -214?
65795
In base 4, what is -2331011323101 + -10?
-2331011323111
In base 14, what is 1743 - 123c?
505
In base 10, what is 1522 + -2975?
-1453
In base 11, what is -61923 - 3?
-61926
In base 15, what is -200e1e + -2?
-200e21
In base 2, what is 111001111001011 - 1000100?
111001110000111
In base 8, what is -3 - 2474045?
-2474050
In base 12, what is -5 - 414a845?
-414a84a
In base 15, what is -255e - -216?
-2348
In base 9, what is -38 + 3530836?
3530787
In base 13, what is 90a + 1674?
2281
In base 15, what is -167 - -127489?
127322
In base 8, what is 17027220 + 1?
17027221
In base 3, what is 1012020 + -2122000110?
-2120211020
In base 14, what is -53 - 10603?
-10656
In base 4, what is 112313313321 + 1202?
112313321123
In base 8, what is -3330421 - -7?
-3330412
In base 3, what is 11022 - 2022202011?
-2022120212
In base 16, what is 8 + -27ddd9?
-27ddd1
In base 13, what is 3 - -41b460?
41b463
In base 5, what is -2302313124 + 123?
-2302313001
In base 5, what is 112430421444 - -4?
112430422003
In base 15, what is -d2 + -136?
-218
In base 10, what is -114326 + 302?
-114024
In base 2, what is 111101 - -101110100001101?
101110101001010
In base 2, what is -111 + -1001101100111111101?
-1001101101000000100
In base 11, what is 122199723 + -2?
122199721
In base 15, what is 894db17 - -5?
894db1c
In base 12, what is 5b100 - 513?
5a7a9
In base 16, what is -3 - -1592b1?
1592ae
In base 6, what is -23502355 + 20?
-23502335
In base 12, what is b3b95 - 87?
b3b0a
In base 7, what is -5 + -1053614145?
-1053614153
In base 5, what is 42022044 + 134?
42022233
In base 4, what is -2033023 - -1110123?
-322300
In base 9, what is 1211100 - 12?
1211077
In base 7, what is 135203 - -1145?
136351
In base 12, what is 10b58 - 2a2b?
a129
In base 4, what is -321101 + 110200?
-210301
In base 5, what is -10412410434 - 2?
-10412410441
In base 2, what is -100100111000 + -110100001100100?
-111000110011100
In base 6, what is -444532 - -220232?
-224300
In base 6, what is -355 + 130115?
125320
In base 10, what is -11782486 + 7?
-11782479
In base 4, what is 12 - -10330023112210?
10330023112222
In base 8, what is 3070732 - 143?
3070567
In base 11, what is 10 + -9a503?
-9a4a3
In base 6, what is 1444554200 + -5?
1444554151
In base 2, what is -1011011000 + -10101101110010111110?
-10101101111110010110
In base 16, what is 3d9f + -102?
3c9d
In base 8, what is -3461523371 + 1?
-3461523370
In base 6, what is -1141405305 - 0?
-1141405305
In base 8, what is -20 + -66054127?
-66054147
In base 15, what is -5e7b - b66?
-6ae2
In base 4, what is 31223103312 + -1330?
31223101322
In base 7, what is -43114 + -1324?
-44441
In base 9, what is -408122 + -4674?
-413806
In base 6, what is -35413101231 + 5?
-35413101222
In base 15, what is 6c43 - -123?
6d66
In base 16, what is -342 + 15f35?
15bf3
In base 4, what is 33302 + 1301311123?
1302011031
In base 12, what is -9248947 + -3?
-924894a
In base 15, what is 102 - -7b4de?
7b5e1
In base 3, what is -10022 + -2112222200?
-2120002222
In base 9, what is 12 - 146625?
-146613
In base 9, what is -1466527605 - 3?
-1466527608
In base 6, what is -15 - -21251423?
21251404
In base 8, what is -127266 - 1727?
-131215
In base 16, what is -1b78be - -40?
-1b787e
In base 5, what is -10233414004 - 2?
-10233414011
In base 10, what is 2527412 - -103?
2527515
In base 16, what is -2c6 + 10f573?
10f2ad
In base 2, what 